 the units digit of i?
6
Let d = -2 + -1. Let n = 22 - 11. Let z = n + d. What is the units digit of z?
8
Suppose 2*h = -3*d - 12, 0*d + 11 = 2*d - 5*h. Let t be ((-5)/(-2))/(d/(-8)). Let i = 14 - t. What is the units digit of i?
4
What is the units digit of (140/(-15))/(2/(-6))?
8
Suppose -4*d - 2*u = -7*u - 94, -3*d + 4*u + 71 = 0. Suppose 4*z = 3*v + 31 + d, -2*z + 5*v = -26. What is the units digit of z?
3
Suppose 3*x + 0*x - 24 = 0. Suppose 0 = t - 19 - x. What is the tens digit of t?
2
Suppose f - 6*f + 15 = 0. Suppose -2 - f = -p. Suppose 0*k - p*k + 34 = x, -2*k - 3*x = -24. What is the units digit of k?
6
Let j(o) = -o**3 + 6*o**2 + 9*o - 7. Let p be (-1 - -15)*4/8. What is the units digit of j(p)?
7
Suppose -260 = 3*r - 8*r. What is the tens digit of r?
5
Let l(a) = 2*a + 1 - 3*a + 0. Let j be l(-4). Suppose -5*r - 20 = -j*z + 25, 3*z - 5*r - 27 = 0. What is the units digit of z?
9
Let w(f) = f**3 + 5*f**2 - 7*f - 9. Let t be w(-6). Let h = t - -9. Suppose -u - 50 = -h*u. What is the units digit of u?
0
Let s be (3/(-2 + -1))/(-1). Let a = s + 1. Suppose -a*y - y + 9 = 0. What is the units digit of y?
3
Let b(g) = 22*g**3 - 2*g**2 + g + 1. What is the tens digit of b(1)?
2
Let m = -2 - -5. Suppose -2*n = 4*s + 8, 4 = -m*n - 5*s - 4. What is the units digit of n?
4
Suppose m = -2*m - 6. Let i be ((-1)/m - 0)*4. What is the units digit of (15 - -2)/(i - 1)?
7
Let n(p) = p**3 - p + 35. Let t be n(0). Let y = t + -23. What is the units digit of y?
2
Let q = 18 + -13. Let c = -11 + 14. Suppose q = u + 3*r, -5*u + c*r = -3 - 4. What is the units digit of u?
2
Suppose 5*r - 18 = -3. Suppose r*x = 4*x - 3*s + 9, 5*s = 20. Suppose -12 = -c - x. What is the units digit of c?
9
Let v(r) = r**3 - r**2 - 2*r - 3. Let k be v(-3). Let u = k - -87. What is the units digit of u?
4
Suppose -37 + 4 = -3*p. Let m = -15 + p. What is the units digit of m*(1 + 1*-2)?
4
Let m = 2 + 0. Suppose m*x - 4*x = -6. Suppose 4*y - x = 5. What is the units digit of y?
2
Suppose -4*d = x + 5 - 0, 5*x - 32 = -d. Let w(s) = 6*s - 6. Let o be w(x). Suppose -l + o = 3*l. What is the units digit of l?
9
Let o = -3 + 6. What is the units digit of o/(-9)*(-9 + 0)?
3
Let g(k) = 16*k - 1. What is the units digit of g(1)?
5
Suppose -4*x = 5*b - 18, -5*x = -3*b - 0*b - 4. Suppose -y - b*u = -6*y + 69, y - 21 = -2*u. What is the units digit of y?
5
Let b(o) = 4*o**2 + 3*o + 8*o - 3*o**2 + 2. Let n be b(-6). What is the units digit of (n/5)/(2/(-5))?
4
Let j(r) = -r**2 + 5*r - 4. Let o be j(4). Suppose -4 = -2*h - o. Suppose 0 = -3*k + h*a + 3*a + 10, a - 21 = -4*k. What is the units digit of k?
5
Suppose 0 = -c - 3*d + 4*d + 9, -2*d = -4*c + 26. Suppose -c*f + 5 + 11 = 0. What is the units digit of f?
4
Suppose 5*f = 3*q - 7, 4*f - 3 = 2*q - 9. What is the units digit of 1*(-2 - (-6 - q))?
3
Let h(r) = -r + 2. Let z be h(2). Suppose z = -j - 2 + 12. Let v = 14 - j. What is the units digit of v?
4
Suppose 5*c = -3*w, 0*c = -3*c - w. Suppose -3*b = -9 - c. Suppose b*k - 4*z = -5*z + 6, k + 12 = -5*z. What is the units digit of k?
3
Let x(k) = -3*k**3 - 7*k**2 + 11*k + 6. Let p(q) = 5*q**3 + 14*q**2 - 21*q - 11. Let u(y) = 4*p(y) + 7*x(y). What is the tens digit of u(5)?
1
Let z be 2/3*3/2. Suppose 51 = 4*c + o, -o - 3 = -2*o. What is the units digit of 2*z - c/(-6)?
4
Let n = -2 + 6. Suppose 0 = 5*z - h - 105, n*z - 65 = 3*h - 6*h. What is the tens digit of z?
2
Suppose -5*a = -a - 248. What is the units digit of a?
2
What is the units digit of (-12)/3 - (-68 + 0)?
4
Let j = -10 + 35. What is the tens digit of j?
2
Suppose d + 4*d - 65 = 0. Suppose 0 = -3*l - 4 - 23. Let h = d + l. What is the units digit of h?
4
Suppose -2*v + n = -5, 3*n - 38 + 3 = -4*v. Suppose v*i + 6*k - 2*k + 8 = 0, -k = i + 1. Let j(h) = -h + 5. What is the units digit of j(i)?
9
What is the units digit of (594/(-45))/(3/(-40))?
6
Suppose -25*x = -20*x - 235. What is the tens digit of x?
4
Let a(s) = 16*s**3 - 7*s**2 + 2*s - 6. What is the units digit of a(3)?
9
Let r(t) = t**2 + 4*t + 12. Let z be r(-10). Suppose -5*b + 3*o + z = -3*b, -144 = -4*b + 3*o. What is the tens digit of b?
3
Suppose 0*i - 5*i + 135 = 0. What is the units digit of i?
7
Let x be 0 - (-2 + (3 - 5)). Suppose 2*t - 128 = -4*o + 6*t, 3*t = x*o - 127. What is the units digit of o?
1
Let h(g) = 2*g**3 + g**3 - 3*g + 6*g**2 - 6 - 2*g**3. What is the tens digit of h(-6)?
1
Suppose -4*j - 66 = 2*x, -4*j + 48 = -6*j + 2*x. Let y = j - -31. What is the units digit of y?
2
Let x = 28 - 0. Suppose 5*p - x = p. What is the units digit of 16/p - 10/35?
2
Let a be 60/(-27) - 2/(-9). Let t be 55/10 + 1/a. Suppose -t*r + 0 + 20 = 0. What is the units digit of r?
4
Suppose 4*o - 6 = o. Suppose 0*n = o*n - 22. What is the units digit of n?
1
Suppose -2*v + 4*j = -0*v + 50, -5*j = -25. Let f = 0 - v. Suppose -1 = -2*q + f. What is the units digit of q?
8
Let a(f) = -f**3 - 8*f**2 - 11*f - 7. What is the units digit of a(-7)?
1
Suppose -3*w + 666 = 3*h, h = 4*h - 3*w - 660. What is the units digit of h?
1
Let w(a) be the third derivative of -a**5/60 - a**4/24 + 2*a**2. Let d(n) = -5*n**2 + 3*n + 3. Let l(r) = d(r) - 4*w(r). What is the units digit of l(6)?
9
Let s(o) = o**2 - 5*o. Let r be s(5). Suppose j + r*m + 1 = -5*m, 4*j + 5*m - 26 = 0. Let n = j - 3. What is the units digit of n?
6
Let w be 4 + (0 - 1) - 1. Suppose 0 = -0*i + w*i - 5*j + 4, 5*i + 4*j - 23 = 0. Suppose -l - i*l = -16. What is the units digit of l?
4
Let s = 3 - 5. Let c = s - -4. Suppose -c - 4 = -3*v. What is the units digit of v?
2
Let i = -4 + 8. Suppose 36 = i*z + 2*h - 0*h, -h + 34 = 4*z. What is the units digit of z?
8
Suppose -q = -3*g - 12 + 1, -2*q + 16 = -3*g. Let h = 0 - g. Suppose -2*p - h*p = -32. What is the units digit of p?
8
Let b(r) = r**2 + 9*r - 6. Let j be b(-10). Suppose -5*z - 4*t = -47, 0*t - 3*t = j*z - 37. What is the units digit of z?
7
Let f(u) = u. Let c be (-5)/(-10) - 18/(-4). Suppose c - 20 = -5*p. What is the units digit of f(p)?
3
Let r(n) = 44*n - 8. Let m be r(4). Suppose 7*a - m = a. What is the tens digit of a?
2
Let x be 4/6 - (-240)/18. Let k = x + -9. What is the units digit of k?
5
Suppose -4*u + 58 = j, -2*j + 4*u = j - 94. Suppose -17 = -5*b + j. What is the tens digit of b?
1
Suppose -17 = -3*s + 1. What is the units digit of s?
6
Let g be 29/3 - 2/(-6). Let j = g + -6. What is the units digit of j?
4
Let u(b) = b**2 - 7. Let k be u(-5). Suppose 45 = 3*y - k. What is the units digit of 1/(-1 + 24/y)?
7
Let o(h) = -h**3 + 7. Let y be o(0). Suppose -v + y = -0*v. What is the units digit of v?
7
Let x(g) = g**3 + 6*g**2 + 4*g - 1. Let q be (1/(-2))/((-2)/80). Suppose 2*t + q = -2*t. What is the units digit of x(t)?
4
Suppose 0 = -f + b - 3, -26 = -2*f - f - 4*b. Suppose f*y - 16 = 3*o + 12, o + 28 = 3*y. What is the units digit of y?
8
Let m(r) = -3*r - 1 - r**2 + 5*r + 3*r**2. Let w be m(1). Let n(d) = -d**3 + 3*d**2 + 2*d - 1. What is the units digit of n(w)?
5
What is the units digit of 140/15*(-30)/(-7)?
0
Let i = 28 - -9. What is the units digit of i?
7
Suppose 32 = 4*m + 4*q, -m = -5*m + 5*q + 68. What is the units digit of (m + -4)*2/4?
4
Let v be 1 + 1 - (-6 + 6). Suppose 10 + v = 3*n. What is the units digit of n?
4
Suppose 0*o - 2*x + 3 = o, -5*o = -5*x - 60. Let w(k) = -k**2 + 13*k + 12. What is the units digit of w(o)?
8
Let b = 46 - 18. What is the units digit of b?
8
Let o(k) = -k**2 + 30*k + 3. What is the tens digit of o(20)?
0
Suppose 0 = -0*x - x. Suppose x = -6*z + z. Let m = 4 + z. What is the units digit of m?
4
Let y(l) = -3*l - 4. What is the units digit of y(-14)?
8
Let v(c) = -c**2 + 3*c**2 - 3*c**2 - 2*c + 4*c**2 - 1. What is the units digit of v(2)?
7
Suppose -i + 24 = 2*l - 3, -94 = -4*i - l. Let d = i - 8. What is the tens digit of d?
1
What is the units digit of (-6)/(-2)*23/3?
3
Suppose -7*n + 52 = -3*n. Suppose -4 = -z + n. What is the tens digit of z?
1
Suppose -5*g - 34 + 904 = 0. What is the tens digit of g?
7
Suppose -5*g = 5*y + 2 + 13, -3*g = 4*y + 8. Suppose 4 = 5*o - y. What is the units digit of o?
1
Suppose -5*h - 2*o + 160 = 0, 5*h - 41 = 4*o + 89. What is the tens digit of h?
3
What is the hundreds digit of 4/22 - (-7485)/33?
2
Suppose -9*i + 5*i + 336 = 0. What is the tens digit of i?
8
Let 